 - 1. Let n(o) be the second derivative of 7*o**4/6 + o**3/3 + 5*o**2 + 11*o - 3. Let s(g) = -12*c(g) - n(g). Give s(-3).
-10
Suppose -2*r + 8 = -3*q - 4*r, 4*q + 26 = 5*r. Let u(k) = -12*k - 46. Let l be u(q). Let z(c) = -c - 2. Calculate z(l).
-4
Let t(o) = -4 - 34 - 9 - o - 5 + 12. Calculate t(-8).
-32
Let o(y) be the second derivative of 13*y**4/24 - y**3/6 + 22*y**2 + 34*y. Let s(v) be the first derivative of o(v). Give s(1).
12
Let c(a) = -2*a + 1. Suppose 3*p = -5*t + 127, 0 = p - 3*p - t + 73. Let w = -34 + p. Suppose w = -5*k + 15 + 5. Determine c(k).
-7
Let h = 3890 + -3879. Let j(w) = w**3 - 11*w**2 + 4*w - 48. Calculate j(h).
-4
Let t(n) = -n - 4. Let w be t(-5). Let z(k) = -k**2 + 6*k + 3 + 0*k**2 - w. Suppose -5*d - 1109 + 1144 = -b, -2*d = -b - 11. What is z(d)?
-14
Let v(w) be the second derivative of w**5/5 + w**4/4 + 5*w**3/6 + 3*w**2/2 + 47*w - 10. Determine v(-2).
-27
Let s(z) = z**3 - 7*z**2 + 2*z - 2. Suppose 570*f = 577*f - 77. Let c be (2 + -26)/(-3) - -3. Suppose -f*u + 22 = -c. What is s(u)?
-32
Let j(h) = -7*h**2 - 7*h - 19. Let p(y) = -31*y**2 - 26*y - 75. Let g(a) = 9*j(a) - 2*p(a). Calculate g(-9).
-3
Let o(b) = b**2 - 1. Let n be o(-3). Let r(v) = -340 + 1324 - 332 + v - 321 - 341. Calculate r(n).
-2
Let v(k) = -k - 5. Let y be v(-8). Suppose y*t + 5 = -1. Let z be t*3 - 0/(-2). Let s(a) = -a**2 - 7*a + 3. Determine s(z).
9
Let g(q) = q**2 + 29*q - 100. Let d(w) = -2*w**2 + 256*w + 226. Let a be d(129). Give g(a).
-4
Let z = 56 + -64. Let g(x) = -5*x**2 - 12*x + 2. Let o(b) = -17*b**2 - 37*b + 7. Let u(l) = 7*g(l) - 2*o(l). What is u(z)?
16
Let v(t) = 51*t + 404. Let s be v(-8). Let w(u) = u**3 + 3*u**2 + 4*u + 5. Calculate w(s).
-27
Let i(u) = -5 - 3*u**3 + 3 - u + 4*u**3. Let w(h) = h**2 + 22*h + 186. Let n be w(20). Let g = 1026 - n. Calculate i(g).
-2
Let j(n) = -8*n - 107. Let x = 16229 - 16242. Give j(x).
-3
Let m(y) = y + 1 - 13 - 2*y. Suppose -1189 = 593*r - 7798 + 86. What is m(r)?
-23
Let x(v) = 22*v - 253. Let p(u) = -4*u - 25. Let t(s) = -11*p(s) + x(s). Determine t(0).
22
Let s(m) = -7 + 18 + 11*m - 16. Calculate s(-5).
-60
Suppose 92 = 58*q - 54*q. Let s = 26 - q. Let a(p) = -5*p + 7. Give a(s).
-8
Let j be (1 + (-1)/2)*0. Suppose j - 12 = -3*y. Let f(v) be the third derivative of v**4/12 - v**3 + 2*v**2 + 136. What is f(y)?
2
Let v(o) be the second derivative of -o**3/6 + 17*o**2/2 + 196*o + 2. Determine v(7).
10
Let v(y) = -y**3 - 11*y**2 - 13*y + 2. Suppose 50 = -5*s + 5*m, 2*m + 0 - 14 = s. Give v(s).
-100
Let k(b) = -b**2 - 13*b + 21. Let h(j) = j**3 + 4*j**2 + 5*j + 5. Suppose 26*c - 4 = 3*u + 30*c, 0 = 4*u - 3*c + 22. Let q be h(u). Give k(q).
-9
Let r(c) = -2 + 3*c - 2*c + 4 - 1. Let p(s) = -s - s**3 - 1 + 2*s**3 + 4*s**2 + 3*s**3 - 3*s**3. Let d be p(-4). What is r(d)?
4
Let y(a) = -a**3 + a + 15. Let q be (-2)/(-9) - (-60)/(-27) - -4. Suppose z + 4 = 4. Suppose z = -s - q*s + s. Give y(s).
15
Let v be ((-36)/(-90))/(2/20). Suppose 5*m + v*y = 2*y - 226, 2*y - 188 = 4*m. Let f = m - -51. Let k(h) = -h**2 + 4*h - 4. What is k(f)?
-9
Let t(f) = -f**3 + 11*f**2 - f - 7. Let s(u) = 2*u**3 - 12*u**2 + 4*u + 6. Let q(p) = -2*s(p) - 3*t(p). Determine q(-8).
-15
Let s(v) = -4*v + 17 + 8 + 12 - 25 + 13. What is s(12)?
-23
Let d(l) = -63*l + 3. Let u = -13681 - -13678. Determine d(u).
192
Let l = -559 + 583. Let i be (-26 + l)/(2/(-5)*-1). Let v(o) = o + 1. Calculate v(i).
-4
Suppose 48*j - 432 = -27*j + 3*j. Let l(z) = z**2 - 5*z - 12. What is l(j)?
-6
Let h(m) = m**2 - 3*m + 6. Let w be h(3). Suppose -3*r = 5*k + 36 + w, 5*r = -k - 26. Let s(l) = -l + 8 + 0*l - 8*l**2 + 7*l**2 - 4*l. Give s(k).
2
Suppose 6*q - 88 = 140. Let z(j) = q*j**2 - 23 - 13*j**2 - 9*j**2 + 0*j**2 + 2*j - j**3. Give z(16).
9
Let o = 123 + -130. Let d(l) be the first derivative of l**5/120 + l**4/3 - l**3/3 + 7. Let m(i) be the third derivative of d(i). Calculate m(o).
1
Let a(y) be the first derivative of y**3/3 + 4*y**2 - 7*y + 667. Calculate a(-9).
2
Let a = -2934 - -2934. Let h(d) = -d + 6. Determine h(a).
6
Let j(g) = g**2 + 7*g + 4. Let l = 52 - 19. Let p be 2*12/(-8) + 8. Suppose -l = 7*y - p. Give j(y).
-8
Let m(f) be the second derivative of -f**4/24 - 2*f**3 + 217*f**2/2 + 178*f. Let h(s) be the first derivative of m(s). Give h(-6).
-6
Let q(t) = 19*t - 1. Suppose -3*v = -4*u - 401, 2*v = 5*u + 197 + 75. Suppose -16*k + v = 3. Let d be (2/k)/((-2)/8). Give q(d).
-20
Let t(y) be the second derivative of -y**3/6 + 2*y**2 + y. Let n be (0 - 0/1) + -2 + 4. Suppose -3*g - n*g + c + 25 = 0, 4*g - 20 = -5*c. Give t(g).
-1
Let o be (-6)/(-2)*(-6 + (-69)/9). Let f = o - -45. Let d(w) = 8*w - 4*w**2 - 2*w**2 + f*w**2 - 6*w. What is d(2)?
-4
Let t(g) be the second derivative of g**4/6 - g**3/6 + g**2/2 + 2*g. Suppose s = -5*z + 7, 5*s = 4*z - 16 + 22. Give t(z).
2
Let q(k) = k**2 + 18*k + 17. Suppose 0 = -4*l - 0 + 4, 0 = -g + l - 22. Give q(g).
80
Suppose -l = -5*f + 16, 1 = f + l - 1. Let s be 0 + f - 5 - -11. Let c(r) = -r + 13. Determine c(s).
4
Let y = 158 - 149. Suppose -9 = -2*w + i, -21 = -w + 4*i + 1. Let v(t) = -3 + 12*t - y*t + 7 + w. Calculate v(-4).
-6
Let r be 9 - (10 + (-4 - 0)). Let w(t) = -t**3 - 6*t**2 - 2*t + 3. Let x(i) = -i**3 - 6*i**2 - 3*i + 2. Let n(y) = r*x(y) - 2*w(y). Give n(-5).
0
Suppose -6*c + 3*c = 5*c. Suppose -92*v + 90*v - 6 = c. Let f(b) be the first derivative of b**4/4 + 2*b**3/3 + b**2/2 - 2*b + 2. Calculate f(v).
-14
Let l(y) = 2 - 3 - 3*y + 2*y. Let z(d) be the third derivative of -d**5/60 + d**4/4 + d**3/6 - 623*d**2. Let a(h) = -3*l(h) - z(h). Calculate a(4).
6
Let m(q) = -3*q + 6. Let z(j) = -3*j - 11. Let c(a) = -4*m(a) - 3*z(a). Give c(-3).
-54
Let b(t) be the second derivative of -1/3*t**3 - 1/4*t**4 + 99 - t - 3/20*t**5 + 0*t**2. Determine b(-2).
16
Let o(c) = 102*c - 248. Let k(l) = -311*l + 733. Let v(r) = 2*k(r) + 7*o(r). Give v(3).
6
Suppose -6*m + 42*m = 3240. Let j(y) = 0*y**3 + 44*y**2 + y**3 - m*y**2 + 40*y**2 - 2*y. What is j(5)?
-35
Let i(y) = y**3 + 3*y**2. Let w = 579 - 580. Determine i(w).
2
Let u(w) be the second derivative of w**5/20 - w**3/3 + 3*w**2/2 + 2*w. Let a be (6/3 + -3)/((-13)/2977). Let h = a + -227. Determine u(h).
7
Let i(g) = 27*g**2 - 9*g - 75. Let y(q) = 7*q**2 + 2*q. Let f(h) = -i(h) + 4*y(h). Determine f(-8).
3
Let s(u) = u**3 + u**2 + 13. Suppose 68*f - 76*f + 24 = 0. Suppose f*o - 12 = 2*q, -2 = -o + 2. What is s(q)?
13
Let j(y) = 2*y + 4. Let g be j(0). Suppose -r + 0 + 2 = -2*v, g*r + 12 = -2*v. Let d be (-5 - -4)/((-2)/r). Let w(u) = -13*u**3 - u**2 - 2*u - 1. What is w(d)?
13
Let x(q) = -2*q + 7. Let r(k) = -15*k - 58. Let f(j) = -r(j) + 5*x(j). Give f(-20).
-7
Let j(z) = -z**2 - 7*z - 4. Let m be j(-6). Let s(g) = -1 - 4*g**2 + 0 + 7*g**m. Suppose 26*k + 168 = -23*k - 119*k. Give s(k).
2
Let h = -139 + 140. Let g be ((-1)/2)/(h/(-4) + 0). Let c(s) = s**3 - 4*s**2 + 2*s + 4. Give c(g).
0
Let a(o) = -o**3 + 38*o**2 + 480*o - 25. Let z be a(48). Let w(d) = -d**2 - 24*d + 33. Give w(z).
8
Let h(f) be the first derivative of -f**5/20 - f**4/4 - f**3/2 - 26*f + 41. Let g(u) be the first derivative of h(u). Let t = -6 + 4. Determine g(t).
2
Let g(a) be the third derivative of -a**4/24 - a**3/3 - 2*a**2 - 222. Determine g(7).
-9
Let i(y) be the second derivative of -22/3*y**3 + 0 - 104*y + 1/2*y**2. Determine i(1).
-43
Let g(u) = -u - 7. Suppose -3*l + 6*w - 5*w = -225, 4*w + 150 = 2*l. Suppose 21*y - l = 6*y. Give g(y).
-12
Let a(j) be the first derivative of -11*j**2/2 - 19*j + 615. Calculate a(-2).
3
Let c(x) = -11*x**2 + 151*x - 4. Let j(s) = 7*s**2 - 95*s + 3. Let z(g) = -5*c(g) - 8*j(g). Let h = -3 + 5. Suppose -16 = -2*b - h*b. Determine z(b).
0
Let r(s) = 4*s - 12. Let g(w) = w**3 + 29*w**2 - 2*w - 71. Let f be g(-29). Determine r(f).
-64
Let p(o) = o**3 - 3*o**2 + 3*o - 2. Let t = 74 - 20. Let x = t - 41. Suppose 2*c = 8, -4*y = -y + c - x. What is p(y)?
7
Let w(z) = 2*z**3 + z + 1. Let v(i) = 4*i**3 - 14*i**3 + 24 + 14*i**2 - 3*i**3 - 21*i. Let a(j) = v(j) + 6*w(j). Calculate a(13).
4
Let u be 0 - (-2496)/(-234)*3/4. Let f(i) = i**2 + 9*i + 25. Give f(u).
17
Let y(o) = -4*o - 11. Let q(d) = d + 18. Let p be q(-22). Let v be y(p). Let w(a) = -4*a**3 + 4*a + 8*a**3 - v*a**2 - 4 - 5*a**3. Give w(-6).
8
Suppose 169 - 289 = 10*b. Let q(u) =